 remainder when r is divided by ((-4)/6)/(3/(-18))?
0
Suppose 0 = 9*i - 6*i - 66. Suppose 0 = 7*a - 9*a + i. Calculate the remainder when 41 is divided by a.
8
Let x = -1569 + 2207. Calculate the remainder when x is divided by 16.
14
Let v(w) = -w**2 + 2*w + 18. Suppose 0 = -4*u - 3*p + 107, 3*u - 58 = -3*p + 23. What is the remainder when u is divided by v(3)?
11
Let r(l) = l**2 - 2*l + 2. Let b be r(3). Suppose 43 = a - b*i, -2*a + 73 = 2*i + 23. What is the remainder when 101 is divided by a?
17
Suppose 1469*z + 1236 = 1475*z. What is the remainder when z is divided by 26?
24
Let x be 12/(-54) + (-2)/(-9). Suppose x = 5*z - 2 - 13. What is the remainder when 102 is divided by 0*z/6 - -26?
24
Suppose -4*z = -3*q + 6*q + 1, -3*z = -5*q + 8. Calculate the remainder when 40 is divided by q.
0
Suppose 2*c - 11*p + 16*p = 280, c - 5*p = 140. What is the remainder when c is divided by 47?
46
Let t be ((-6)/(-8))/(2/8). Suppose 6*o = t + 15. Let c(v) = v**3. What is the remainder when o is divided by c(1)?
0
Suppose 0 = 4*j + j + f - 544, 204 = 2*j - 3*f. What is the remainder when j is divided by 28?
24
Let u be 8/3*(-3)/(-2). Let o(c) = 22 + 18 + 3*c - c**2 + c - 35. What is the remainder when 12 is divided by o(u)?
2
Let i(j) = 32*j**3 + 2*j**2 - j. Let n be i(1). Let l = n + -21. Calculate the remainder when 153 is divided by l.
9
Let t(p) = 2*p + 8. Let j be t(-4). Suppose -5*m + 25 = j, -4*y + 5*m = y + 285. Let b = y + 104. Calculate the remainder when b is divided by 14.
10
Calculate the remainder when (-8)/(-140)*5*119 is divided by 31.
3
Let p = -451 - -832. Calculate the remainder when p is divided by 16.
13
Let m = -30 + 33. What is the remainder when 38 is divided by m*((-3)/(-12))/(5/40)?
2
Suppose 0 = -2*u + 3*u - 4. What is the remainder when 12 is divided by u?
0
Suppose -4*l - 2 = -34. Suppose -p - 4*b = -0*p - 15, -111 = -5*p - 2*b. Calculate the remainder when p is divided by l.
7
Let q(m) = -6*m + 2. Suppose -4*n - 10 = v, -2*v = -5*n - 9 + 3. Calculate the remainder when 39 - 0/(n - -1) is divided by q(-2).
11
Let d(l) = l**2 - 6*l - 6. What is the remainder when 74 is divided by d(-3)?
11
Suppose -8*x + 684 = -6*x. Calculate the remainder when x is divided by 15.
12
Suppose 4*x = -5*l + 131 + 44, x - 52 = -4*l. Calculate the remainder when 177 is divided by x.
17
Let c = 0 - 2. Let f(r) = -r**3 + 29*r**2 - 33*r + 153. Calculate the remainder when (c + 0 - 72)/(-2) is divided by f(28).
11
What is the remainder when ((-31)/5)/((-894)/(-150) + -6) is divided by 27?
20
Let s = 9 - 3. Let k = s - -2. What is the remainder when 39 is divided by k?
7
Suppose 0 = -2*i - 2*z + 190, -3*z + 378 = 15*i - 11*i. What is the remainder when i is divided by 16?
13
Let w be (0 - -1) + 0 - 3 - -45. What is the remainder when 60 is divided by (1 - w)*(-3)/6?
18
Let n(t) = 2*t + 9. Let k be n(-8). Calculate the remainder when (-6032)/(-56) - 2/k is divided by 16.
12
Let r(u) = -9*u - 4. Let i be r(1). What is the remainder when 80 is divided by i/(286/(-4)) + (-185)/(-11)?
12
Let z(h) = 4*h**2 - 30*h + 142. What is the remainder when z(12) is divided by 27?
7
Let h be ((35 - 0) + 1)*7. Let n = h + -241. Suppose 2*z = -0*z + 60. Calculate the remainder when z is divided by n.
8
Let y = 1042 - 960. Calculate the remainder when y is divided by 50.
32
Let g = -9 + 11. Suppose -6 = k + g*k. What is the remainder when (-13 - -11)/(k/41) is divided by 11?
8
Let m = 2 - -1. Calculate the remainder when 21 - (10 + 14/(-2)) is divided by m.
0
Suppose 21*g - 1398 - 4251 = 0. What is the remainder when g is divided by 42?
17
Suppose -660 = -2*u - 2*u. Suppose 0 = 4*b - u + 17. Suppose 0 = -5*q + b + 33. Calculate the remainder when q is divided by 4.
2
Let t(h) = 16 + 21 - 16 - h. Let x be t(0). Let b = 27 + x. Calculate the remainder when b is divided by 17.
14
Suppose 2*h - 30 = -8. Suppose -s - 7 = -2*v, -2*v + 4*s + 9 = -1. Suppose -x = -v*c - 41, 2*x - 29 = x - c. Calculate the remainder when x is divided by h.
10
Let d(y) = y**2 + 3*y + 3. What is the remainder when 218 is divided by d(2)?
10
Suppose -2*w + 5 = -3*q, 5*q + 3*w + 0*w + 21 = 0. Let c = q - -7. Suppose 0 = -c*f + 7*f - 39. Calculate the remainder when f is divided by 5.
3
Let d(n) = 2*n**2 - 3*n - 5. Let c be d(-2). Suppose 8*z - 7*z = c. Calculate the remainder when 60 is divided by z.
6
Let o = -119 + 268. What is the remainder when o is divided by 50?
49
Suppose 0 = 5*y + 4 + 6. Calculate the remainder when 57 is divided by y + 0 + 2 + 30.
27
Let t = -5 + 10. Suppose -61 = -t*i + 4*i. Calculate the remainder when i is divided by ((-40)/12)/(-5)*24.
13
Suppose 3325 = -34*p + 69*p. What is the remainder when p is divided by 49?
46
Let p = 127 + -178. What is the remainder when 17 is divided by p/(-5) + (-28)/(-35)?
6
Let b = 998 + -929. Calculate the remainder when 1377 is divided by b.
66
Calculate the remainder when 771/((44/(-8))/(-11) - -1) is divided by 22.
8
Suppose -3*g - 4*k = -49, 4*k = 4*g + 5*k - 48. Let q = -57 - -64. Calculate the remainder when g is divided by q.
4
Suppose -s - 302 + 334 = 0. Calculate the remainder when s is divided by 25.
7
Let d = -14 + 25. Calculate the remainder when 31 is divided by 70/4 + d/(-22).
14
Suppose -2*k + 40 = k + m, -k + 3*m + 30 = 0. What is the remainder when (-670)/(-15) - (-2)/(-3) is divided by k?
14
Suppose -18*w + 1294 = -380. What is the remainder when w is divided by 40?
13
Let n = -97 - -69. Calculate the remainder when 9 is divided by 80/14 - n/98.
3
Suppose -5*s = -5*n - 1115, -3*n - 53 = 3*s - 734. What is the remainder when s is divided by 34?
21
Suppose -96 = 11*d - 943. What is the remainder when d is divided by 62?
15
Let s(o) = 18*o**2 - 3*o + 3. Calculate the remainder when 35 is divided by s(-1).
11
Suppose 0*d - 3*d = 3*f + 15, -d - 4*f = 20. Suppose d = -5*b - 10, 3*i - 6*b + b = 235. What is the remainder when i is divided by 39?
36
Let x(z) = 2*z**3 - z**2 - 4*z + 167. Calculate the remainder when x(0) is divided by 19.
15
Let b(t) = t**3 + 6*t**2 - 6*t + 3. Let x(l) = -l**3 + 6*l**2 - 2*l - 12. Let z be x(5). What is the remainder when b(-6) is divided by (-10)/(-3)*(z - 2 - -2)?
9
Let h be ((-4)/(-4)*-8)/1. Let t = h + 16. What is the remainder when t is divided by 3?
2
Let l(i) = i**2 - 3*i + 13. What is the remainder when l(5) is divided by 5?
3
Suppose h = 5*h - 72. Let t = h + 6. What is the remainder when (-1)/((-1)/2) + 93 is divided by t?
23
Suppose -5 = j - 9. Suppose 0 = -j*n + 3*t + 107, -2*n + 54 = n + 3*t. Calculate the remainder when n is divided by 8.
7
Suppose 0*p = 2*p - 8. Suppose -p*i = l - 13, 5*l - 7 = i - 26. Let o = -24 + 34. What is the remainder when o is divided by i?
2
Suppose 129*w = 127*w + 130. Calculate the remainder when w is divided by 22.
21
Suppose -5*r + r + 2*s = -22, 2*r = 5*s + 23. Let f = 4 + -2. Calculate the remainder when f + 5 + (-2 - 0) is divided by r.
1
Suppose 4*d + 5*b = 100 - 728, -4*b = -d - 178. What is the remainder when (d/(-3))/(-1 + 21/15) is divided by 34?
33
Suppose 0 = 161*x - 162*x + 28. What is the remainder when 83 is divided by x?
27
What is the remainder when 107 is divided by (-7 + 57)*4/20?
7
Suppose 3*a - 81 = 2*u - 5*u, -3*a + 5*u + 97 = 0. Calculate the remainder when (2 - 0)/(((-1)/3)/(2968/(-336))) is divided by a.
24
Let s be (-2 - 1)*21/(-63). Calculate the remainder when 160 is divided by s*(12/(-42) - (-573)/21).
25
Let a(j) = 33*j - 92. Calculate the remainder when 73 is divided by a(3).
3
Suppose 15 = -d - i + 4*i, -5*i + 25 = -5*d. Let o(h) = h + d*h + 31*h**3 + 0*h. What is the remainder when o(1) is divided by 9?
5
Suppose -5*n + 3*p + 79 = 7*p, -n + 14 = -p. Calculate the remainder when n is divided by 6.
3
Suppose -15*o - 1665 + 5205 = 0. What is the remainder when o is divided by 17?
15
Let o be 8*((-15)/12 - 1). Let w = o - -21. Suppose w*f - 2*f + 4*s = 20, -1 = -s. Calculate the remainder when 28 is divided by f.
12
Let a = -6 - 25. Calculate the remainder when 215 is divided by a*(-2 - -1) + -4.
26
Let c be 8/28 + 0 + (-761)/(-7). Suppose -4*b + 41 = 6*a - 5*a, -3*a + c = 5*b. What is the remainder when a is divided by 13?
7
Let x = -1003 - -1019. Calculate the remainder when 334 is divided by x.
14
Let w = -29 - -59. Suppos